*2 + 8*q + 10. Let a be m(-7). Let l = -226 + a. What is the greatest common divisor of 48 and l?
24
Let v(q) be the first derivative of 3*q**2/2 - 12*q - 1. Let t be v(11). Calculate the greatest common factor of t and 105.
21
Suppose 15*t - 130 = 13*t. What is the greatest common divisor of 26 and t?
13
Suppose k + 2*k = -c - 4, k + 4 = -3*c. Let h(l) = -l**2 + 2*l + 1. Let j be h(c). Let y be (2 + -21)*(j + 1). What is the highest common divisor of 19 and y?
19
Let z(d) = d**3 - 12*d + 4*d**3 + 19 + 14*d**2 - 6*d**3. Let f be z(13). Calculate the greatest common divisor of 48 and f.
16
Let u be -12*4/(4/(-3)). Suppose -x = 2*x - u. Calculate the highest common divisor of x and 4.
4
Let i(w) = -w**3 - 5*w**2 - 3*w - 13. Let b be i(-5). Let t be (0 - 2) + 4 + -6. Let q be (-10)/(4/(t - -2)). Calculate the greatest common divisor of b and q.
1
Suppose -o = -29 - 5. Let q(b) = 2*b**2 - 6*b - 5. Let w be q(7). What is the highest common factor of o and w?
17
Let p be (0 - -10) + (-2)/(-1). Suppose -5*f = 5*b - 95, 0 = 2*b - 4*f + 5 - 67. Let q = b + -11. What is the highest common factor of q and p?
12
Let i(c) = -5*c + 4*c**3 - c**2 + 3*c**2 - 1 - 2*c**3. Let q be i(-4). Let j be 10/(-25) + q/(-5). Calculate the greatest common factor of j and 75.
15
Suppose -5 - 15 = 5*u. Let l = 14 + u. What is the highest common divisor of l and 15?
5
Suppose -v + 3 = -3*k + 5*k, -5*v - 25 = 0. What is the highest common factor of k and 4?
4
Let c be (-1)/2*(-216)/(-6). Let g be ((-3)/4)/(1/44). Let v = c - g. What is the greatest common factor of 3 and v?
3
Let a be (-1)/(-3) - (-4)/((-72)/(-354)). Let x be (-16)/(-10)*5/2. Calculate the highest common factor of x and a.
4
Suppose -2*m + q + 3*q = -8, m + 5*q = 18. Let x be ((-55)/20)/((-2)/m). Let p be 2/(-4)*2 + 45. What is the greatest common divisor of p and x?
11
Let y = -7 - -12. Let u be 30*(5/3)/y. What is the greatest common divisor of 70 and u?
10
Let j be 814/4 - 4/8. What is the highest common factor of j and 29?
29
Let j = -21 + 32. Suppose 2*v = -5*d - 17, -v + 3*v - 4*d - 10 = 0. Let t = j + v. What is the greatest common divisor of 50 and t?
10
Let u = 117 - 66. What is the greatest common divisor of u and 17?
17
Suppose 6*l - 418 = 2*l - 2*w, 0 = 5*l + w - 524. Let f = 382 + -184. Suppose 12 = 5*n - f. What is the highest common divisor of l and n?
21
Let w = 20 - 10. Suppose y = w - 3. Calculate the greatest common factor of 35 and y.
7
Let a(v) = -v + 2. Let w be a(-4). Suppose w*g - 15 = g. Suppose g*s - 80 = s. What is the highest common factor of 8 and s?
8
Let o(y) = -2*y**3 + 27*y**2 + 16*y + 12. Let c be o(14). What is the greatest common divisor of 100 and c?
20
Suppose 9 = -3*m, -4*k + 8*m - 3*m + 63 = 0. Calculate the greatest common divisor of k and 132.
12
Suppose 5*g = -2*l + 13, l + 0*g = g - 4. Let j = 2 - l. Let f be (-1*3)/j - -29. What is the highest common divisor of f and 70?
14
Let z(o) = 6*o - 1. Let x be z(2). Let m = 290 + -169. What is the highest common factor of x and m?
11
Suppose -4*i + 0*h + 20 = h, -20 = -2*i - 3*h. Calculate the highest common divisor of i and 2.
2
Suppose -5*y = -4*y + 6. Let u(i) = 2*i**2 + 6*i + 8. Let t be u(y). Calculate the highest common factor of t and 4.
4
Suppose 2*w - 4 = -2*w + q, -3*q = -5*w - 2. Let i = 64 + -61. Suppose i*p = -w*p + 55. What is the highest common divisor of 99 and p?
11
Let b(t) = t - 7. Let c be b(10). Let v be c/(-6)*(0 + -36). What is the highest common factor of 45 and v?
9
Let o(z) be the first derivative of z**2/2 - z - 1. Let g be o(9). Calculate the highest common factor of 24 and g.
8
Suppose 2*o - 16*f = -11*f, 5*o - f - 23 = 0. Let z = -4 + 2. Let k be (-88)/(-6) + z/(-6). What is the greatest common factor of k and o?
5
Let f be -4*3*(-15)/(-36). Let g = f - -8. Calculate the greatest common factor of g and 15.
3
Let n = -42 - -90. Calculate the highest common factor of 144 and n.
48
Let d be (-2 - -5)*(-10)/(-6). Suppose h - 4*h + 6 = -d*z, -4*z = 5*h + 27. Let b be (-2)/(-3)*(z + 39). Calculate the greatest common divisor of b and 16.
8
Suppose -2*g = -5*g + 27. Let t(m) = 16 - m - m - 5*m**2 + m**3 - 22. Let y be t(6). Calculate the greatest common divisor of g and y.
9
Let c = -38 + 63. What is the greatest common factor of 10 and c?
5
Let p(c) = 9*c - 1. Let o be p(5). Suppose 2*y = -2 + 24. Calculate the greatest common factor of o and y.
11
Let l be (3/((-9)/(-38)))/(10/15). Calculate the greatest common divisor of 19 and l.
19
Let m(g) be the third derivative of g**5/60 + g**4/2 + 5*g**3/2 + 6*g**2. Let b be m(-11). Calculate the highest common factor of b and 1.
1
Suppose p + 0*p - f + 44 = 0, -188 = 4*p + 2*f. Let x = 2 + 3. Let l be p/(-10) - (-2)/x. Calculate the greatest common divisor of 1 and l.
1
Suppose -c = -k + 19 + 63, -4*c = k - 82. What is the greatest common factor of 41 and k?
41
Suppose 0 = 2*k + 11 - 3. Let v be (-2)/k + 155/10. Calculate the greatest common factor of v and 16.
16
Let c = 3 - -11. Let f = 73 - c. Let o = 150 - f. Calculate the greatest common divisor of 13 and o.
13
Let w be ((-4)/6)/((-3)/(-90)). Let i be (-94)/(-10) - (-8)/w. Let t = 5 + 4. Calculate the greatest common factor of i and t.
9
Suppose 0 = -5*c + 17*c - 1020. Calculate the greatest common factor of 17 and c.
17
Let z(p) be the third derivative of -p**4/24 - 2*p**3/3 - 3*p**2. Let r be z(-5). Let k = 22 - 15. Calculate the greatest common divisor of k and r.
1
Let m be (308/6)/((-44)/(-66)). What is the greatest common divisor of 11 and m?
11
Let l(n) = 5*n**2 + 4*n - 1. Let i be l(-3). Suppose 0 = -2*s - j + i, 6 + 10 = 4*j. Let h = s - 1. What is the greatest common divisor of h and 143?
13
Let m(s) = 30*s - 4. Let j be m(1). Calculate the greatest common divisor of 52 and j.
26
Suppose 0 = 5*d - 2*d - 51. Calculate the greatest common factor of d and 34.
17
Suppose -5*v + 117 = -93. Let c = -15 - -21. What is the greatest common factor of v and c?
6
Suppose 0 = t - 28 - 29. Let z(i) = 34*i**2 - 2*i + 1. Let f be z(1). Suppose -b = -t - f. Calculate the greatest common factor of 18 and b.
18
Suppose 0*r - 5*r = -25, -2*r + 27 = o. Let h be (-573)/27 + 2/9. Let x = h - -38. Calculate the highest common factor of o and x.
17
Let o(b) = b**3 - 8*b**2 - 7*b + 8. Let x be o(8). Let f be (x/20)/((-4)/20). What is the highest common factor of 60 and f?
12
Suppose -2*x = -2*j + 64, 0 = -x + 2*x. Let a be (7 - -1)*1*2. What is the highest common divisor of j and a?
16
Suppose -5*g + 15 = -2*g. Let b be g/((-5)/(-56)) + -1. Calculate the greatest common factor of 5 and b.
5
Let z(r) = 20*r**2. Let q be z(1). What is the highest common factor of q and 30?
10
Suppose 15 = 3*w, -3*w + 13 - 1 = -3*k. Suppose -b - 9 = 5*d - 0*b, 5*b = -20. Let a = d + 4. What is the highest common divisor of a and k?
1
Let y(s) = -s**3 + s**2 + 34. Let v be y(0). Suppose v = r + 4*p, 2 = 3*p - 10. Calculate the greatest common divisor of 108 and r.
18
Let k(w) = w**2 + 9*w - 6. Let m be k(-10). Let c be 6/(-1*6/20). Let j = -4 - c. What is the highest common divisor of j and m?
4
Let f(t) = 4*t + 2. Let r be f(3). Let h = -45 + 115. What is the highest common factor of h and r?
14
Suppose -2*k + 4*b + b = -150, 0 = 4*k - 3*b - 286. What is the highest common divisor of k and 28?
14
Let z(g) = 3*g**2 - 8*g + 14. Let d be z(5). Calculate the greatest common factor of 7 and d.
7
Suppose 3 = p + 1. Let j = -36 + 39. What is the greatest common factor of p and j?
1
Suppose 45 = w + 2*w. What is the highest common factor of w and 165?
15
Suppose -5*r + 26 = -79. Suppose 2*n + 3*x + x = 28, 4*n - r = -x. Suppose -s + 330 = n*s. Calculate the highest common divisor of 6 and s.
6
Suppose -3*f = -3*y - 58 - 113, y - 63 = -f. Calculate the greatest common factor of 24 and f.
12
Suppose -18 = -5*a + 17. Let x(q) = 2*q**2 - 3*q - 5. Let p be x(7). Suppose -f - 3*h = -p, -9 - 3 = -4*h. Calculate the highest common factor of a and f.
7
Let i be (-5)/(-4) + -1 - 3129/(-28). Calculate the highest common factor of 84 and i.
28
Let l(u) = -u - 2. Let d be l(-2). Suppose d = 5*z + 10, -3*z - 25 - 21 = -t. Calculate the highest common divisor of t and 10.
10
Let y be (-2)/(-4) - (-70)/4. Suppose 3*t = t + y. Suppose -3*u = -16*u + 234. C